*f. What is the greatest common divisor of f and 46?
23
Suppose x + 3*x + 4*i = 1248, -936 = -3*x + 2*i. Suppose -4*y + x = 9*y. Calculate the greatest common factor of y and 8.
8
Let i(c) = 126*c - 50. Let j be i(1). Calculate the greatest common factor of 57 and j.
19
Let j be (-9 + -15)*(-6)/9. Suppose 5*o - 2*b + 6*b = 20, 2*o + 9 = -5*b. Calculate the greatest common divisor of j and o.
8
Suppose -3*n - 12 = 3*j, -3*n - 5 = 2*j + 2. Let y = 15 + j. Let k be ((-35)/y)/((-2)/8). Calculate the greatest common factor of 21 and k.
7
Let y = 76 + -71. Suppose 3*o + 3*q - 81 = -q, 47 = 2*o + y*q. Calculate the highest common divisor of o and 248.
31
Let h = 4 - -1. Let w(o) = o**3 - 25*o**2 + 45. Let z be w(25). What is the highest common divisor of z and h?
5
Let i(a) = 3*a - 1. Let n be i(19). Calculate the greatest common factor of n and 126.
14
Let o(f) = -2*f**3 - 13*f**2 - 32*f - 3. Let p be o(-3). Calculate the greatest common factor of p and 1410.
30
Suppose -k = -5*j + 3, 4*k + 12 = 2*j - 4*j. Let p be 13 - (5 + -3 + j). What is the greatest common factor of p and 121?
11
Let j(k) = -k**3 + 14*k**2 + 2*k - 18. Let g be j(14). Let n(c) = c**2 - 10*c + 17. Let v be n(g). What is the highest common factor of v and 17?
17
Let f = -198 + 270. Calculate the greatest common divisor of 18 and f.
18
Let s be 0/2*(-3 + 25/10). Suppose s = 3*u - h - 13, 3*u - 10 = u + 2*h. What is the highest common factor of 20 and u?
4
Suppose 2128 = 6*n + 13*n. Calculate the highest common factor of n and 48.
16
Let f(k) = k**3 + 27*k**2 + 45*k - 119. Let j be f(-25). Calculate the highest common factor of 162 and j.
6
Let b(q) = 69*q + 10. Let k be b(3). Suppose 15*h - k = 8*h. Calculate the highest common factor of h and 62.
31
Let f(n) = n + 21. Suppose 2*w - 2*u - 2 = 0, -2*w + 0 = u + 1. Let s be f(w). Calculate the greatest common factor of 210 and s.
21
Let h = -102 - -402. Calculate the greatest common factor of 40 and h.
20
Suppose 2*b = -q + 6*b + 58, -4*b = 2*q - 56. Suppose -2*l = 5*v - 150, -4*v - l + 85 + q = 0. What is the greatest common divisor of 288 and v?
32
Let u = 752 - 717. What is the highest common factor of 315 and u?
35
Let s be 71396/182 + (-2)/7. Suppose -51*q + s = -44*q. What is the highest common factor of q and 16?
8
Let n(w) = 26*w - 34. Let j be n(11). Calculate the highest common divisor of 112 and j.
28
Suppose -4*c = 34*j - 33*j + 14, 5*c = 4*j - 28. Calculate the greatest common factor of 86 and j.
2
Let n = 13 + -10. Suppose -n*z = -9*z + 78. Calculate the highest common factor of z and 13.
13
Let z(n) = n**2 + 6*n + 3. Suppose 3*h + 2 = 2*a + 1, 5*h + 4 = 3*a. Let s be z(a). Let d be (-4)/6 - 96/(-9). What is the greatest common factor of s and d?
10
Let t(x) = -8*x**2 - x + 1. Let q be t(-2). Let f(o) = -2*o**3 - 3*o**2 + 2*o + 1. Let a be f(2). Let n = a - q. What is the greatest common factor of 15 and n?
3
Suppose -7*g + 1 - 64 = 0. Let h(p) = 2*p**2 + 18*p + 14. Let r be h(g). What is the highest common factor of 154 and r?
14
Let m = 906 + -881. Suppose -f = -3*f - 4*u - 28, -u = 3. Let g be (1 - f) + 1/1. Calculate the highest common divisor of g and m.
5
Let z = -1022 - -1048. What is the greatest common factor of z and 91?
13
Let s be 15276/5 + (14 - 1065/75). Calculate the highest common divisor of s and 65.
65
Let m(s) = -s**3 - s**2 - 7*s - 6. Let z be m(-4). Suppose 0 = -5*f + 5*b + z, -5*f - 4*b = -0*f - 106. Calculate the greatest common divisor of f and 18.
18
Suppose 0 = -4*m - 3*h - 19 + 107, -5*h = 4*m - 80. Calculate the highest common factor of 4 and m.
1
Let d(h) = 17*h**2 - 11*h + 14. Let a be d(6). Calculate the greatest common divisor of 70 and a.
70
Let a = 4 - 9. Let j = 669 - 672. Let s be (-8)/a + j/5. What is the highest common divisor of s and 5?
1
Let f = -60 - -207. Suppose -3*m - 45*y = -42*y - 69, -5*m + 95 = -5*y. Calculate the greatest common factor of m and f.
21
Let x be (-1)/(-3*1/66). Let o = x - 11. Suppose -7*b - 8 = -o*b. Calculate the greatest common divisor of 1 and b.
1
Suppose -c + 0 + 3 = 0. Let m(i) = -i**2 - i - 4*i - 34 + 34. Let l be m(-3). What is the greatest common factor of c and l?
3
Let m be 5 + -1 + -3 - -4. Let q be m/(20/16)*2. Calculate the greatest common divisor of q and 2.
2
Let h(f) = -f**3 - 6*f**2 - 2*f - 3. Let z be h(-6). Suppose 36*t + 26 = 134. Calculate the greatest common factor of z and t.
3
Suppose 14*h + 5*h - 266 = 0. Suppose -o - 10 = -3*o. Suppose o*l = 165 - 25. Calculate the greatest common factor of h and l.
14
Let h be ((-11)/(198/6))/((-2)/624). Calculate the highest common factor of 910 and h.
26
Suppose 2*u = -2*u + 40. Let x(v) = -2*v + 24. Let g be x(u). Suppose 5*r = 5, g*j = -4*r + 59 + 9. Calculate the highest common factor of j and 176.
16
Suppose 0 = 10*s - 665 - 6615. What is the greatest common divisor of s and 84?
28
Suppose 2*a - 10*a + 32 = 0. Let m be (-2)/12 + (-46)/12. Let k be 21/((15/m)/(-5)). What is the highest common factor of k and a?
4
Let d(m) = 4*m**2 - 15*m + 87. Let t be d(12). What is the greatest common divisor of 231 and t?
21
Suppose 5*w + 3*v - 381 = 166, 2*w - 217 = -3*v. Calculate the highest common divisor of w and 176.
22
Suppose 2*t = 5*t + 5*n - 13, -5*t + 3*n = -33. Suppose -2*m = m + 117. Let q = 57 + m. What is the highest common factor of t and q?
6
Let b = 497 - 327. Let q be 3/(-1) + 23 + -5 + 2. Calculate the highest common divisor of q and b.
17
Suppose 43*l - 10800 = 13*l. What is the highest common factor of l and 40?
40
Suppose -7*i - 2*i + 162 = 0. Let p be (-6)/((2/24)/((-9)/i)). Calculate the highest common factor of 60 and p.
12
Let q(c) = -c**2 - 33*c - 45. Let j be q(-25). What is the greatest common factor of 10 and j?
5
Let j be 10/(-4) + (-1)/2. Let r be 25/3 + (-2)/j. Suppose 4*b - a - 145 = 0, -5*a = 34 - 29. Calculate the greatest common divisor of b and r.
9
Let g = -67 + 122. Suppose -1 - 1 = -m. Suppose -l = -m*d + 21, -5*l - g = 3*d - 8*d. What is the greatest common factor of d and 20?
10
Suppose 3*p - 12 = -p. Let j be 695/10 - p/(-6). Calculate the greatest common factor of 28 and j.
14
Let i be (24/10)/((-135)/(-12375)). What is the greatest common factor of 44 and i?
44
Let z be 365/2 - (-2)/(-4). Let g(s) = 2*s**3 + 95*s**2 + 27*s - 926. Let j be g(-47). What is the highest common factor of j and z?
14
Suppose 0 = 6*b - 3*b + 1836. Let j be (-4)/(-14) - b/63. What is the greatest common divisor of 2 and j?
2
Suppose -3*g - 14 = -5*c, g + 1 = c - 1. Suppose -45 = c*x - 9*x. Suppose -w = 0, 5*j - 5*w - 88 = -43. What is the highest common factor of x and j?
9
Let q = 236 - 179. Calculate the highest common divisor of 418 and q.
19
Let t be 57/((-10)/((-160)/6)). What is the greatest common factor of t and 19?
19
Suppose -n + 1283 = 5*s, 0 = 16*s - 21*s - 3*n + 1289. Calculate the greatest common factor of s and 40.
8
Let t = 493 - 250. Calculate the greatest common divisor of 27 and t.
27
Suppose 0 = 12*b - 211 + 139. What is the greatest common factor of b and 146?
2
Suppose 0 = 5*n - 5375 + 5370. Let w be (-1)/(-2) - 2/(-4). What is the highest common factor of w and n?
1
Let c(n) = 2*n**2 + 8*n - 12. Let o be c(-7). What is the highest common divisor of 45 and o?
15
Suppose 0*j - 2*j + 582 = 4*m, 0 = m - 2*j - 133. Let y be 0*((-10)/4 + 2) - -11. What is the greatest common divisor of y and m?
11
Suppose 3*i = 2*n + 47, 72 = 4*i + n - 6*n. Suppose -17 = -3*o + i. Let p(w) = w - 8. Let b be p(o). Calculate the highest common divisor of 3 and b.
1
Suppose 37*v - 6 = 142. What is the highest common factor of v and 35?
1
Suppose 2*o - 1278 = -2*g, -6*o + 5*o = -g + 641. Calculate the greatest common divisor of g and 20.
20
Suppose 25*f - 1430 = 3*f. Calculate the greatest common factor of f and 20.
5
Suppose -2*h = 2*o + o - 101, 3*h - 152 = -4*o. Let v = 3088 - 2958. Calculate the highest common factor of h and v.
26
Suppose -10*s = -14*s, 2*b = 4*s + 1900. What is the highest common divisor of 38 and b?
38
Suppose -2*n + 71 + 65 = 0. Suppose -3*w + 0*w + 8 = 4*c, w - 5*c = 28. Suppose w*r + 2*r - 170 = 0. Calculate the greatest common factor of r and n.
17
Suppose -c = -4*j + 169, 0*c - c - 1 = 0. Let r be j/189 - (-716)/18. What is the highest common divisor of